2 is divided by 18?
14
Calculate the remainder when 59 is divided by 5.
4
Calculate the remainder when 226 is divided by 59.
49
What is the remainder when 96 is divided by 44?
8
Calculate the remainder when 50829 is divided by 16.
13
What is the remainder when 1028 is divided by 174?
158
Calculate the remainder when 25 is divided by 4.
1
Calculate the remainder when 635 is divided by 20.
15
What is the remainder when 35 is divided by 29?
6
What is the remainder when 226 is divided by 142?
84
Calculate the remainder when 258 is divided by 66.
60
Calculate the remainder when 737 is divided by 10.
7
Calculate the remainder when 73 is divided by 3.
1
What is the remainder when 5118 is divided by 32?
30
What is the remainder when 2805 is divided by 36?
33
What is the remainder when 12703 is divided by 105?
103
Calculate the remainder when 442 is divided by 79.
47
Calculate the remainder when 140 is divided by 46.
2
Calculate the remainder when 40 is divided by 18.
4
Calculate the remainder when 882 is divided by 127.
120
What is the remainder when 800 is divided by 101?
93
What is the remainder when 240 is divided by 12?
0
What is the remainder when 3738 is divided by 39?
33
What is the remainder when 127 is divided by 22?
17
What is the remainder when 7379 is divided by 61?
59
What is the remainder when 20460 is divided by 79?
78
What is the remainder when 357 is divided by 30?
27
Calculate the remainder when 1680 is divided by 406.
56
Calculate the remainder when 464 is divided by 77.
2
What is the remainder when 118 is divided by 24?
22
Calculate the remainder when 170 is divided by 15.
5
What is the remainder when 195 is divided by 45?
15
What is the remainder when 33 is divided by 13?
7
Calculate the remainder when 352 is divided by 51.
46
What is the remainder when 707 is divided by 166?
43
Calculate the remainder when 7583 is divided by 29.
14
What is the remainder when 383 is divided by 88?
31
Calculate the remainder when 1009 is divided by 102.
91
What is the remainder when 207 is divided by 19?
17
What is the remainder when 61 is divided by 38?
23
Calculate the remainder when 283 is divided by 4.
3
Calculate the remainder when 126 is divided by 43.
40
Calculate the remainder when 1512 is divided by 752.
8
Calculate the remainder when 3189 is divided by 168.
165
Calculate the remainder when 94 is divided by 78.
16
Calculate the remainder when 84 is divided by 13.
6
Calculate the remainder when 221 is divided by 108.
5
What is the remainder when 1022 is divided by 345?
332
Calculate the remainder when 5739 is divided by 66.
63
What is the remainder when 3055 is divided by 8?
7
What is the remainder when 53 is divided by 31?
22
What is the remainder when 1137 is divided by 127?
121
Calculate the remainder when 2631 is divided by 849.
84
What is the remainder when 68 is divided by 12?
8
What is the remainder when 935 is divided by 52?
51
Calculate the remainder when 1060 is divided by 149.
17
Calculate the remainder when 233 is divided by 19.
5
What is the remainder when 3351 is divided by 187?
172
Calculate the remainder when 281 is divided by 38.
15
What is the remainder when 498 is divided by 235?
28
Calculate the remainder when 7378 is divided by 17.
0
Calculate the remainder when 63 is divided by 16.
15
Calculate the remainder when 538 is divided by 27.
25
Calculate the remainder when 2680 is divided by 40.
0
Calculate the remainder when 680 is divided by 114.
110
Calculate the remainder when 589 is divided by 6.
1
Calculate the remainder when 627 is divided by 53.
44
What is the remainder when 1941 is divided by 54?
51
What is the remainder when 4250 is divided by 1057?
22
What is the remainder when 23559 is divided by 76?
75
What is the remainder when 1002 is divided by 997?
5
What is the remainder when 286 is divided by 29?
25
What is the remainder when 90 is divided by 49?
41
Calculate the remainder when 46 is divided by 9.
1
What is the remainder when 591 is divided by 163?
102
Calculate the remainder when 2747 is divided by 27.
20
What is the remainder when 897 is divided by 36?
33
What is the remainder when 3560 is divided by 5?
0
What is the remainder when 4946 is divided by 30?
26
Calculate the remainder when 8537 is divided by 23.
4
What is the remainder when 600 is divided by 1?
0
Calculate the remainder when 6771 is divided by 6.
3
Calculate the remainder when 40 is divided by 8.
0
Calculate the remainder when 217 is divided by 109.
108
Calculate the remainder when 154 is divided by 72.
10
What is the remainder when 151 is divided by 139?
12
Calculate the remainder when 21568 is divided by 15.
13
Calculate the remainder when 302 is divided by 8.
6
What is the remainder when 811 is divided by 16?
11
Calculate the remainder when 403 is divided by 103.
94
What is the remainder when 728 is divided by 81?
80
Calculate the remainder when 261 is divided by 66.
63
Calculate the remainder when 472 is divided by 469.
3
What is the remainder when 333 is divided by 42?
39
What is the remainder when 235 is divided by 11?
4
Calculate the remainder when 4806 is divided by 21.
18
What is the remainder when 400 is divided by 53?
29
Calculate the remainder when 50 is divided by 6.
2
What is the remainder when 49 is divided by 2?
1
Calculate the remainder when 565 is divided by 63.
61
What is the remainder when 50 is divided by 13?
11
Calculate the remainder when 389 is divided by 55.
4
Calculate the remainder when 5771 is divided by 160.
11
What is the remainder when 47 is divided by 38?
9
Calculate the remainder when 692 is divided by 21.
20
Calculate the remainder when 2322 is divided by 25.
22
What is the remainder when 1610 is divided by 9?
8
Calculate the remainder when 238 is divided by 82.
74
What is the remainder when 4463 is divided by 95?
93
What is the remainder when 1309 is divided by 41?
38
Calculate the remainder when 141 is divided by 11.
9
Calculate the remainder when 509 is divided by 85.
84
What is the remainder when 335 is divided by 12?
11
Calculate the remainder when 177 is divided by 80.
17
Calculate the remainder when 3529 is divided by 33.
31
What is the remainder when 977 is divided by 35?
32
Calculate the remainder when 266 is divided by 45.
41
Calculate the remainder when 2966 is divided by 55.
51
Calculate the remainder when 575 is divided by 18.
17
What is the remainder when 2336 is divided by 41?
40
What is the remainder when 2414 is divided by 59?
54
What is the remainder when 1001 is divided by 305?
86
What is the remainder when 165 is divided by 146?
19
Calculate the remainder when 88 is divided by 13.
10
Calculate the remainder when 312 is divided by 81.
69
What is the remainder when 2803 is divided by 2782?
21
Calculate the remainder when 448 is divided by 445.
3
What is the remainder when 109 is divided by 55?
54
Calculate the remainder when 177 is divided by 60.
57
Calculate the remainder when 127 is divided by 48.
31
What is the remainder when 110 is divided by 28?
26
What is the remainder when 20 is divided by 7?
6
Calculate the remainder when 763 is divided by 237.
52
Calculate the remainder when 154 is divided by 31.
30
Calculate the remainder when 312 is divided by 74.
16
Calculate the remainder when 140 is divided by 29.
24
Calculate the remainder when 2343 is divided by 67.
65
What is the remainder when 1928 is divided by 193?
191
Calculate the remainder when 985 is divided by 351.
283
Calculate the remainder when 219 is divided by 43.
4
Calculate the remainder when 200 is divided by 37.
15
Calculate the remainder when 750 is divided by 4.
2
What is the remainder when 107 is divided by 69?
38
What is the remainder when 199 is divided by 14?
3
Calculate the remainder when 2427 is divided by 18.
15
What is the remainder when 667 is divided by 169?
160
What is the remainder when 65 is divided by 6?
5
Calculate the remainder when 356 is divided by 3.
2
What is the remainder when 2574 is divided by 56?
54
What is the remainder when 283 is divided by 141?
1
Calculate the remainder when 521 is divided by 75.
71
Calculate the remainder when 18220 is divided by 135.
130
What is the remainder when 534 is divided by 113?
82
What is the remainder when 1635 is divided by 31?
23
What is the remainder when 316